{"id":8215,"date":"2020-03-24T11:49:35","date_gmt":"2020-03-24T11:49:35","guid":{"rendered":"https:\/\/www.alerionavocats.com\/?post_type=avocat&#038;p=8215"},"modified":"2026-01-21T09:50:41","modified_gmt":"2026-01-21T09:50:41","slug":"mathilde-gicquel","status":"publish","type":"avocat","link":"https:\/\/www.alerionavocats.com\/de\/avocat\/mathilde-gicquel\/","title":{"rendered":"Mathilde Gicquel"},"content":{"rendered":"\n<p>Mathilde Gicquel arbeitet\u00a0als Senior Associate\u00a0im German-Desk. Ihre T\u00e4tigkeitsschwerpunkte liegen im deutschen und franz\u00f6sischen\u00a0Arbeits-,\u00a0Handels- und Gesellschaftsrecht (Beratung und Prozessf\u00fchrung).<\/p>\n\n\n\n<p>Sie absolvierte das deutsch-franz\u00f6sische BerM\u00fcPa-Programm an der Universit\u00e4t Paris II Panth\u00e9on-Assas. Sie hat einen LL.M. in internationalem und europ\u00e4ischem Wirtschaftsrecht, einen LL.M. in deutschem Recht (Ludwig-Maximilians-Universit\u00e4t M\u00fcnchen), einen Master in europ\u00e4ischem Wirtschaftsrecht und einen Master in Wirtschaftsrecht und \u00d6konomie (Paris II Panth\u00e9on-Assas-Universit\u00e4t).<\/p>\n\n\n\n<p>Mathilde Gicquel ist als Anw\u00e4ltin in Paris zugelassen und arbeitet bei Alerion seit 2020.<\/p>\n","protected":false},"featured_media":11765,"template":"","class_list":["post-8215","avocat","type-avocat","status-publish","has-post-thumbnail","hentry"],"acf":[],"yoast_head":"<!-- This site is optimized with the Yoast SEO plugin v27.3 - https:\/\/yoast.com\/product\/yoast-seo-wordpress\/ -->\n<title>Mathilde Gicquel - Alerion Avocats Paris<\/title>\n<meta name=\"robots\" content=\"index, follow, max-snippet:-1, max-image-preview:large, max-video-preview:-1\" \/>\n<link rel=\"canonical\" href=\"https:\/\/www.alerionavocats.com\/de\/avocat\/mathilde-gicquel\/\" \/>\n<meta property=\"og:locale\" content=\"de_DE\" \/>\n<meta property=\"og:type\" content=\"article\" \/>\n<meta property=\"og:title\" content=\"Mathilde Gicquel - Alerion Avocats Paris\" \/>\n<meta property=\"og:description\" content=\"Mathilde Gicquel arbeitet\u00a0als Senior Associate\u00a0im German-Desk. Ihre T\u00e4tigkeitsschwerpunkte liegen im deutschen und franz\u00f6sischen\u00a0Arbeits-,\u00a0Handels- und Gesellschaftsrecht (Beratung und Prozessf\u00fchrung). Sie absolvierte das deutsch-franz\u00f6sische BerM\u00fcPa-Programm an der Universit\u00e4t Paris II Panth\u00e9on-Assas. Sie hat einen LL.M. in internationalem und europ\u00e4ischem Wirtschaftsrecht, einen LL.M. in deutschem Recht (Ludwig-Maximilians-Universit\u00e4t M\u00fcnchen), einen Master in europ\u00e4ischem Wirtschaftsrecht und einen Master in Wirtschaftsrecht [&hellip;]\" \/>\n<meta property=\"og:url\" content=\"https:\/\/www.alerionavocats.com\/de\/avocat\/mathilde-gicquel\/\" \/>\n<meta property=\"og:site_name\" content=\"Alerion Avocats Paris\" \/>\n<meta property=\"article:modified_time\" content=\"2026-01-21T09:50:41+00:00\" \/>\n<meta property=\"og:image\" content=\"https:\/\/www.alerionavocats.com\/wp-content\/uploads\/2022\/06\/Mathilde-Gicquel-extra-scaled.jpg\" \/>\n\t<meta property=\"og:image:width\" content=\"1829\" \/>\n\t<meta property=\"og:image:height\" content=\"2560\" \/>\n\t<meta property=\"og:image:type\" content=\"image\/jpeg\" \/>\n<meta name=\"twitter:card\" content=\"summary_large_image\" \/>\n<meta name=\"twitter:label1\" content=\"Gesch\u00e4tzte Lesezeit\" \/>\n\t<meta name=\"twitter:data1\" content=\"1\u00a0Minute\" \/>\n<script type=\"application\/ld+json\" class=\"yoast-schema-graph\">{\"@context\":\"https:\\\/\\\/schema.org\",\"@graph\":[{\"@type\":\"WebPage\",\"@id\":\"https:\\\/\\\/www.alerionavocats.com\\\/de\\\/avocat\\\/mathilde-gicquel\\\/\",\"url\":\"https:\\\/\\\/www.alerionavocats.com\\\/de\\\/avocat\\\/mathilde-gicquel\\\/\",\"name\":\"Mathilde Gicquel - Alerion Avocats Paris\",\"isPartOf\":{\"@id\":\"https:\\\/\\\/www.alerionavocats.com\\\/#website\"},\"primaryImageOfPage\":{\"@id\":\"https:\\\/\\\/www.alerionavocats.com\\\/de\\\/avocat\\\/mathilde-gicquel\\\/#primaryimage\"},\"image\":{\"@id\":\"https:\\\/\\\/www.alerionavocats.com\\\/de\\\/avocat\\\/mathilde-gicquel\\\/#primaryimage\"},\"thumbnailUrl\":\"https:\\\/\\\/www.alerionavocats.com\\\/wp-content\\\/uploads\\\/2022\\\/06\\\/Mathilde-Gicquel-extra-scaled.jpg\",\"datePublished\":\"2020-03-24T11:49:35+00:00\",\"dateModified\":\"2026-01-21T09:50:41+00:00\",\"breadcrumb\":{\"@id\":\"https:\\\/\\\/www.alerionavocats.com\\\/de\\\/avocat\\\/mathilde-gicquel\\\/#breadcrumb\"},\"inLanguage\":\"de\",\"potentialAction\":[{\"@type\":\"ReadAction\",\"target\":[\"https:\\\/\\\/www.alerionavocats.com\\\/de\\\/avocat\\\/mathilde-gicquel\\\/\"]}]},{\"@type\":\"ImageObject\",\"inLanguage\":\"de\",\"@id\":\"https:\\\/\\\/www.alerionavocats.com\\\/de\\\/avocat\\\/mathilde-gicquel\\\/#primaryimage\",\"url\":\"https:\\\/\\\/www.alerionavocats.com\\\/wp-content\\\/uploads\\\/2022\\\/06\\\/Mathilde-Gicquel-extra-scaled.jpg\",\"contentUrl\":\"https:\\\/\\\/www.alerionavocats.com\\\/wp-content\\\/uploads\\\/2022\\\/06\\\/Mathilde-Gicquel-extra-scaled.jpg\",\"width\":1829,\"height\":2560},{\"@type\":\"BreadcrumbList\",\"@id\":\"https:\\\/\\\/www.alerionavocats.com\\\/de\\\/avocat\\\/mathilde-gicquel\\\/#breadcrumb\",\"itemListElement\":[{\"@type\":\"ListItem\",\"position\":1,\"name\":\"Home\",\"item\":\"https:\\\/\\\/www.alerionavocats.com\\\/de\\\/\"},{\"@type\":\"ListItem\",\"position\":2,\"name\":\"Mathilde Gicquel\"}]},{\"@type\":\"WebSite\",\"@id\":\"https:\\\/\\\/www.alerionavocats.com\\\/#website\",\"url\":\"https:\\\/\\\/www.alerionavocats.com\\\/\",\"name\":\"Alerion Avocats Paris\",\"description\":\"Alerion Avocats Paris\",\"potentialAction\":[{\"@type\":\"SearchAction\",\"target\":{\"@type\":\"EntryPoint\",\"urlTemplate\":\"https:\\\/\\\/www.alerionavocats.com\\\/?s={search_term_string}\"},\"query-input\":{\"@type\":\"PropertyValueSpecification\",\"valueRequired\":true,\"valueName\":\"search_term_string\"}}],\"inLanguage\":\"de\"}]}<\/script>\n<!-- \/ Yoast SEO plugin. -->","yoast_head_json":{"title":"Mathilde Gicquel - Alerion Avocats Paris","robots":{"index":"index","follow":"follow","max-snippet":"max-snippet:-1","max-image-preview":"max-image-preview:large","max-video-preview":"max-video-preview:-1"},"canonical":"https:\/\/www.alerionavocats.com\/de\/avocat\/mathilde-gicquel\/","og_locale":"de_DE","og_type":"article","og_title":"Mathilde Gicquel - Alerion Avocats Paris","og_description":"Mathilde Gicquel arbeitet\u00a0als Senior Associate\u00a0im German-Desk. Ihre T\u00e4tigkeitsschwerpunkte liegen im deutschen und franz\u00f6sischen\u00a0Arbeits-,\u00a0Handels- und Gesellschaftsrecht (Beratung und Prozessf\u00fchrung). Sie absolvierte das deutsch-franz\u00f6sische BerM\u00fcPa-Programm an der Universit\u00e4t Paris II Panth\u00e9on-Assas. Sie hat einen LL.M. in internationalem und europ\u00e4ischem Wirtschaftsrecht, einen LL.M. in deutschem Recht (Ludwig-Maximilians-Universit\u00e4t M\u00fcnchen), einen Master in europ\u00e4ischem Wirtschaftsrecht und einen Master in Wirtschaftsrecht [&hellip;]","og_url":"https:\/\/www.alerionavocats.com\/de\/avocat\/mathilde-gicquel\/","og_site_name":"Alerion Avocats Paris","article_modified_time":"2026-01-21T09:50:41+00:00","og_image":[{"width":1829,"height":2560,"url":"https:\/\/www.alerionavocats.com\/wp-content\/uploads\/2022\/06\/Mathilde-Gicquel-extra-scaled.jpg","type":"image\/jpeg"}],"twitter_card":"summary_large_image","twitter_misc":{"Gesch\u00e4tzte Lesezeit":"1\u00a0Minute"},"schema":{"@context":"https:\/\/schema.org","@graph":[{"@type":"WebPage","@id":"https:\/\/www.alerionavocats.com\/de\/avocat\/mathilde-gicquel\/","url":"https:\/\/www.alerionavocats.com\/de\/avocat\/mathilde-gicquel\/","name":"Mathilde Gicquel - Alerion Avocats Paris","isPartOf":{"@id":"https:\/\/www.alerionavocats.com\/#website"},"primaryImageOfPage":{"@id":"https:\/\/www.alerionavocats.com\/de\/avocat\/mathilde-gicquel\/#primaryimage"},"image":{"@id":"https:\/\/www.alerionavocats.com\/de\/avocat\/mathilde-gicquel\/#primaryimage"},"thumbnailUrl":"https:\/\/www.alerionavocats.com\/wp-content\/uploads\/2022\/06\/Mathilde-Gicquel-extra-scaled.jpg","datePublished":"2020-03-24T11:49:35+00:00","dateModified":"2026-01-21T09:50:41+00:00","breadcrumb":{"@id":"https:\/\/www.alerionavocats.com\/de\/avocat\/mathilde-gicquel\/#breadcrumb"},"inLanguage":"de","potentialAction":[{"@type":"ReadAction","target":["https:\/\/www.alerionavocats.com\/de\/avocat\/mathilde-gicquel\/"]}]},{"@type":"ImageObject","inLanguage":"de","@id":"https:\/\/www.alerionavocats.com\/de\/avocat\/mathilde-gicquel\/#primaryimage","url":"https:\/\/www.alerionavocats.com\/wp-content\/uploads\/2022\/06\/Mathilde-Gicquel-extra-scaled.jpg","contentUrl":"https:\/\/www.alerionavocats.com\/wp-content\/uploads\/2022\/06\/Mathilde-Gicquel-extra-scaled.jpg","width":1829,"height":2560},{"@type":"BreadcrumbList","@id":"https:\/\/www.alerionavocats.com\/de\/avocat\/mathilde-gicquel\/#breadcrumb","itemListElement":[{"@type":"ListItem","position":1,"name":"Home","item":"https:\/\/www.alerionavocats.com\/de\/"},{"@type":"ListItem","position":2,"name":"Mathilde Gicquel"}]},{"@type":"WebSite","@id":"https:\/\/www.alerionavocats.com\/#website","url":"https:\/\/www.alerionavocats.com\/","name":"Alerion Avocats Paris","description":"Alerion Avocats Paris","potentialAction":[{"@type":"SearchAction","target":{"@type":"EntryPoint","urlTemplate":"https:\/\/www.alerionavocats.com\/?s={search_term_string}"},"query-input":{"@type":"PropertyValueSpecification","valueRequired":true,"valueName":"search_term_string"}}],"inLanguage":"de"}]}},"_links":{"self":[{"href":"https:\/\/www.alerionavocats.com\/de\/wp-json\/wp\/v2\/avocat\/8215","targetHints":{"allow":["GET"]}}],"collection":[{"href":"https:\/\/www.alerionavocats.com\/de\/wp-json\/wp\/v2\/avocat"}],"about":[{"href":"https:\/\/www.alerionavocats.com\/de\/wp-json\/wp\/v2\/types\/avocat"}],"wp:featuredmedia":[{"embeddable":true,"href":"https:\/\/www.alerionavocats.com\/de\/wp-json\/wp\/v2\/media\/11765"}],"wp:attachment":[{"href":"https:\/\/www.alerionavocats.com\/de\/wp-json\/wp\/v2\/media?parent=8215"}],"curies":[{"name":"wp","href":"https:\/\/api.w.org\/{rel}","templated":true}]}}

<p>Mathilde Gicquel arbeitet als Senior Associate im German-Desk. Ihre Tätigkeitsschwerpunkte liegen im deutschen und französischen Arbeits-, Handels- und Gesellschaftsrecht (Beratung und Prozessführung).</p>



<p>Sie absolvierte das deutsch-französische BerMüPa-Programm an der Universität Paris II Panthéon-Assas. Sie hat einen LL.M. in internationalem und europäischem Wirtschaftsrecht, einen LL.M. in deutschem Recht (Ludwig-Maximilians-Universität München), einen Master in europäischem Wirtschaftsrecht und einen Master in Wirtschaftsrecht und Ökonomie (Paris II Panthéon-Assas-Universität).</p>



<p>Mathilde Gicquel ist als Anwältin in Paris zugelassen und arbeitet bei Alerion seit 2020.</p>

<!-- This site is optimized with the Yoast SEO plugin v27.3 - https://yoast.com/product/yoast-seo-wordpress/ -->
<title>Mathilde Gicquel - Alerion Avocats Paris</title>
<meta name="robots" content="index, follow, max-snippet:-1, max-image-preview:large, max-video-preview:-1" />
<link rel="canonical" href="https://www.alerionavocats.com/de/avocat/mathilde-gicquel/" />
<meta property="og:locale" content="de_DE" />
<meta property="og:type" content="article" />
<meta property="og:title" content="Mathilde Gicquel - Alerion Avocats Paris" />
<meta property="og:description" content="Mathilde Gicquel arbeitet als Senior Associate im German-Desk. Ihre Tätigkeitsschwerpunkte liegen im deutschen und französischen Arbeits-, Handels- und Gesellschaftsrecht (Beratung und Prozessführung). Sie absolvierte das deutsch-französische BerMüPa-Programm an der Universität Paris II Panthéon-Assas. Sie hat einen LL.M. in internationalem und europäischem Wirtschaftsrecht, einen LL.M. in deutschem Recht (Ludwig-Maximilians-Universität München), einen Master in europäischem Wirtschaftsrecht und einen Master in Wirtschaftsrecht [&hellip;]" />
<meta property="og:url" content="https://www.alerionavocats.com/de/avocat/mathilde-gicquel/" />
<meta property="og:site_name" content="Alerion Avocats Paris" />
<meta property="article:modified_time" content="2026-01-21T09:50:41+00:00" />
<meta property="og:image" content="https://www.alerionavocats.com/wp-content/uploads/2022/06/Mathilde-Gicquel-extra-scaled.jpg" />
	<meta property="og:image:width" content="1829" />
	<meta property="og:image:height" content="2560" />
	<meta property="og:image:type" content="image/jpeg" />
<meta name="twitter:card" content="summary_large_image" />
<meta name="twitter:label1" content="Geschätzte Lesezeit" />
	<meta name="twitter:data1" content="1 Minute" />
<script type="application/ld+json" class="yoast-schema-graph">{"@context":"https:\/\/schema.org","@graph":[{"@type":"WebPage","@id":"https:\/\/www.alerionavocats.com\/de\/avocat\/mathilde-gicquel\/","url":"https:\/\/www.alerionavocats.com\/de\/avocat\/mathilde-gicquel\/","name":"Mathilde Gicquel - Alerion Avocats Paris","isPartOf":{"@id":"https:\/\/www.alerionavocats.com\/#website"},"primaryImageOfPage":{"@id":"https:\/\/www.alerionavocats.com\/de\/avocat\/mathilde-gicquel\/#primaryimage"},"image":{"@id":"https:\/\/www.alerionavocats.com\/de\/avocat\/mathilde-gicquel\/#primaryimage"},"thumbnailUrl":"https:\/\/www.alerionavocats.com\/wp-content\/uploads\/2022\/06\/Mathilde-Gicquel-extra-scaled.jpg","datePublished":"2020-03-24T11:49:35+00:00","dateModified":"2026-01-21T09:50:41+00:00","breadcrumb":{"@id":"https:\/\/www.alerionavocats.com\/de\/avocat\/mathilde-gicquel\/#breadcrumb"},"inLanguage":"de","potentialAction":[{"@type":"ReadAction","target":["https:\/\/www.alerionavocats.com\/de\/avocat\/mathilde-gicquel\/"]}]},{"@type":"ImageObject","inLanguage":"de","@id":"https:\/\/www.alerionavocats.com\/de\/avocat\/mathilde-gicquel\/#primaryimage","url":"https:\/\/www.alerionavocats.com\/wp-content\/uploads\/2022\/06\/Mathilde-Gicquel-extra-scaled.jpg","contentUrl":"https:\/\/www.alerionavocats.com\/wp-content\/uploads\/2022\/06\/Mathilde-Gicquel-extra-scaled.jpg","width":1829,"height":2560},{"@type":"BreadcrumbList","@id":"https:\/\/www.alerionavocats.com\/de\/avocat\/mathilde-gicquel\/#breadcrumb","itemListElement":[{"@type":"ListItem","position":1,"name":"Home","item":"https:\/\/www.alerionavocats.com\/de\/"},{"@type":"ListItem","position":2,"name":"Mathilde Gicquel"}]},{"@type":"WebSite","@id":"https:\/\/www.alerionavocats.com\/#website","url":"https:\/\/www.alerionavocats.com\/","name":"Alerion Avocats Paris","description":"Alerion Avocats Paris","potentialAction":[{"@type":"SearchAction","target":{"@type":"EntryPoint","urlTemplate":"https:\/\/www.alerionavocats.com\/?s={search_term_string}"},"query-input":{"@type":"PropertyValueSpecification","valueRequired":true,"valueName":"search_term_string"}}],"inLanguage":"de"}]}</script>
<!-- / Yoast SEO plugin. -->

Mathilde Gicquel arbeitet als Senior Associate im German-Desk. Ihre Tätigkeitsschwerpunkte liegen im deutschen und französischen Arbeits-, Handels- und Gesellschaftsrecht (Beratung und Prozessführung). Sie absolvierte das deutsch-französische BerMüPa-Programm an der Universität Paris II Panthéon-Assas. Sie hat einen LL.M. in internationalem und europäischem Wirtschaftsrecht, einen LL.M. in deutschem Recht (Ludwig-Maximilians-Universität München), einen Master in europäischem Wirtschaftsrecht und einen Master in Wirtschaftsrecht [&hellip;]
