{"id":1114,"date":"2019-10-29T12:28:00","date_gmt":"2019-10-29T12:28:00","guid":{"rendered":"http:\/\/alerion-avocat.eliott-markus.digital\/avocat\/pierre-olivier-brouard\/"},"modified":"2025-10-14T07:43:46","modified_gmt":"2025-10-14T07:43:46","slug":"pierre-olivier-brouard","status":"publish","type":"avocat","link":"https:\/\/www.alerionavocats.com\/de\/avocat\/pierre-olivier-brouard\/","title":{"rendered":"Pierre-Olivier Brouard"},"content":{"rendered":"\n<p>Pierre-Olivier Brouard ist der Leiter der M&amp;A \/ Corporate \/ Private Equity Praxisgruppe von Alerion. Er besch\u00e4ftigt sich haupts\u00e4chlich mit Private Equity, Fusionen und \u00dcbernahmen von Unternehmen. In diesen Bereichen ber\u00e4t er Finanz-, Bank- und Industriekonzerne, b\u00f6rsennotiert oder nicht, franz\u00f6sisch oder international, ebenso wie Investitionsfonds oder innovative Unternehmen im Rahmen ihrer Mittelbeschaffung und Entwicklungsstrategie in Frankreich und im Ausland.<\/p>\n\n\n\n<p>Er ber\u00e4t ebenfalls franz\u00f6sische und internationale Konzerne und begleitet vor allem ihre internen Wachstumsstrategien (Entwicklung neuer Aktivit\u00e4ten, neuer Business Units, usw.), sowie die externen Wachstumsstrategien (Unternehmenserwerb in Frankreich und im Ausland).<\/p>\n\n\n\n<p>Pierre-Olivier Brouard ist einer der Gr\u00fcnder von Alerion im Jahr 2003.<\/p>\n\n\n\n<p>Er hat ein DEA im Bereich Handels- und Wirtschaftsrecht an der Universit\u00e4t Paris II Panth\u00e9on-Assas absolviert und ist seit 1994 bei der Pariser Anwaltskammer zugelassen.<\/p>\n\n\n\n<p>Pierre-Olivier ist Mitglied von France Invest und der International Bar Association.<\/p>\n","protected":false},"featured_media":1149,"template":"","class_list":["post-1114","avocat","type-avocat","status-publish","has-post-thumbnail","hentry"],"acf":[],"yoast_head":"<!-- This site is optimized with the Yoast SEO plugin v27.3 - https:\/\/yoast.com\/product\/yoast-seo-wordpress\/ -->\n<title>Pierre-Olivier Brouard - Alerion Avocats Paris<\/title>\n<meta name=\"robots\" content=\"index, follow, max-snippet:-1, max-image-preview:large, max-video-preview:-1\" \/>\n<link rel=\"canonical\" href=\"https:\/\/www.alerionavocats.com\/de\/avocat\/pierre-olivier-brouard\/\" \/>\n<meta property=\"og:locale\" content=\"de_DE\" \/>\n<meta property=\"og:type\" content=\"article\" \/>\n<meta property=\"og:title\" content=\"Pierre-Olivier Brouard - Alerion Avocats Paris\" \/>\n<meta property=\"og:description\" content=\"Pierre-Olivier Brouard ist der Leiter der M&amp;A \/ Corporate \/ Private Equity Praxisgruppe von Alerion. Er besch\u00e4ftigt sich haupts\u00e4chlich mit Private Equity, Fusionen und \u00dcbernahmen von Unternehmen. In diesen Bereichen ber\u00e4t er Finanz-, Bank- und Industriekonzerne, b\u00f6rsennotiert oder nicht, franz\u00f6sisch oder international, ebenso wie Investitionsfonds oder innovative Unternehmen im Rahmen ihrer Mittelbeschaffung und Entwicklungsstrategie in [&hellip;]\" \/>\n<meta property=\"og:url\" content=\"https:\/\/www.alerionavocats.com\/de\/avocat\/pierre-olivier-brouard\/\" \/>\n<meta property=\"og:site_name\" content=\"Alerion Avocats Paris\" \/>\n<meta property=\"article:modified_time\" content=\"2025-10-14T07:43:46+00:00\" \/>\n<meta property=\"og:image\" content=\"https:\/\/www.alerionavocats.com\/wp-content\/uploads\/2019\/10\/alerion_photo_15.jpg\" \/>\n\t<meta property=\"og:image:width\" content=\"450\" \/>\n\t<meta property=\"og:image:height\" content=\"584\" \/>\n\t<meta property=\"og:image:type\" content=\"image\/jpeg\" \/>\n<meta name=\"twitter:card\" content=\"summary_large_image\" \/>\n<meta name=\"twitter:label1\" content=\"Gesch\u00e4tzte Lesezeit\" \/>\n\t<meta name=\"twitter:data1\" content=\"1\u00a0Minute\" \/>\n<script type=\"application\/ld+json\" class=\"yoast-schema-graph\">{\"@context\":\"https:\\\/\\\/schema.org\",\"@graph\":[{\"@type\":\"WebPage\",\"@id\":\"https:\\\/\\\/www.alerionavocats.com\\\/de\\\/avocat\\\/pierre-olivier-brouard\\\/\",\"url\":\"https:\\\/\\\/www.alerionavocats.com\\\/de\\\/avocat\\\/pierre-olivier-brouard\\\/\",\"name\":\"Pierre-Olivier Brouard - Alerion Avocats Paris\",\"isPartOf\":{\"@id\":\"https:\\\/\\\/www.alerionavocats.com\\\/#website\"},\"primaryImageOfPage\":{\"@id\":\"https:\\\/\\\/www.alerionavocats.com\\\/de\\\/avocat\\\/pierre-olivier-brouard\\\/#primaryimage\"},\"image\":{\"@id\":\"https:\\\/\\\/www.alerionavocats.com\\\/de\\\/avocat\\\/pierre-olivier-brouard\\\/#primaryimage\"},\"thumbnailUrl\":\"https:\\\/\\\/www.alerionavocats.com\\\/wp-content\\\/uploads\\\/2019\\\/10\\\/alerion_photo_15.jpg\",\"datePublished\":\"2019-10-29T12:28:00+00:00\",\"dateModified\":\"2025-10-14T07:43:46+00:00\",\"breadcrumb\":{\"@id\":\"https:\\\/\\\/www.alerionavocats.com\\\/de\\\/avocat\\\/pierre-olivier-brouard\\\/#breadcrumb\"},\"inLanguage\":\"de\",\"potentialAction\":[{\"@type\":\"ReadAction\",\"target\":[\"https:\\\/\\\/www.alerionavocats.com\\\/de\\\/avocat\\\/pierre-olivier-brouard\\\/\"]}]},{\"@type\":\"ImageObject\",\"inLanguage\":\"de\",\"@id\":\"https:\\\/\\\/www.alerionavocats.com\\\/de\\\/avocat\\\/pierre-olivier-brouard\\\/#primaryimage\",\"url\":\"https:\\\/\\\/www.alerionavocats.com\\\/wp-content\\\/uploads\\\/2019\\\/10\\\/alerion_photo_15.jpg\",\"contentUrl\":\"https:\\\/\\\/www.alerionavocats.com\\\/wp-content\\\/uploads\\\/2019\\\/10\\\/alerion_photo_15.jpg\",\"width\":450,\"height\":584},{\"@type\":\"BreadcrumbList\",\"@id\":\"https:\\\/\\\/www.alerionavocats.com\\\/de\\\/avocat\\\/pierre-olivier-brouard\\\/#breadcrumb\",\"itemListElement\":[{\"@type\":\"ListItem\",\"position\":1,\"name\":\"Home\",\"item\":\"https:\\\/\\\/www.alerionavocats.com\\\/de\\\/\"},{\"@type\":\"ListItem\",\"position\":2,\"name\":\"Pierre-Olivier Brouard\"}]},{\"@type\":\"WebSite\",\"@id\":\"https:\\\/\\\/www.alerionavocats.com\\\/#website\",\"url\":\"https:\\\/\\\/www.alerionavocats.com\\\/\",\"name\":\"Alerion Avocats Paris\",\"description\":\"Alerion Avocats Paris\",\"potentialAction\":[{\"@type\":\"SearchAction\",\"target\":{\"@type\":\"EntryPoint\",\"urlTemplate\":\"https:\\\/\\\/www.alerionavocats.com\\\/?s={search_term_string}\"},\"query-input\":{\"@type\":\"PropertyValueSpecification\",\"valueRequired\":true,\"valueName\":\"search_term_string\"}}],\"inLanguage\":\"de\"}]}<\/script>\n<!-- \/ Yoast SEO plugin. -->","yoast_head_json":{"title":"Pierre-Olivier Brouard - Alerion Avocats Paris","robots":{"index":"index","follow":"follow","max-snippet":"max-snippet:-1","max-image-preview":"max-image-preview:large","max-video-preview":"max-video-preview:-1"},"canonical":"https:\/\/www.alerionavocats.com\/de\/avocat\/pierre-olivier-brouard\/","og_locale":"de_DE","og_type":"article","og_title":"Pierre-Olivier Brouard - Alerion Avocats Paris","og_description":"Pierre-Olivier Brouard ist der Leiter der M&amp;A \/ Corporate \/ Private Equity Praxisgruppe von Alerion. Er besch\u00e4ftigt sich haupts\u00e4chlich mit Private Equity, Fusionen und \u00dcbernahmen von Unternehmen. In diesen Bereichen ber\u00e4t er Finanz-, Bank- und Industriekonzerne, b\u00f6rsennotiert oder nicht, franz\u00f6sisch oder international, ebenso wie Investitionsfonds oder innovative Unternehmen im Rahmen ihrer Mittelbeschaffung und Entwicklungsstrategie in [&hellip;]","og_url":"https:\/\/www.alerionavocats.com\/de\/avocat\/pierre-olivier-brouard\/","og_site_name":"Alerion Avocats Paris","article_modified_time":"2025-10-14T07:43:46+00:00","og_image":[{"width":450,"height":584,"url":"https:\/\/www.alerionavocats.com\/wp-content\/uploads\/2019\/10\/alerion_photo_15.jpg","type":"image\/jpeg"}],"twitter_card":"summary_large_image","twitter_misc":{"Gesch\u00e4tzte Lesezeit":"1\u00a0Minute"},"schema":{"@context":"https:\/\/schema.org","@graph":[{"@type":"WebPage","@id":"https:\/\/www.alerionavocats.com\/de\/avocat\/pierre-olivier-brouard\/","url":"https:\/\/www.alerionavocats.com\/de\/avocat\/pierre-olivier-brouard\/","name":"Pierre-Olivier Brouard - Alerion Avocats Paris","isPartOf":{"@id":"https:\/\/www.alerionavocats.com\/#website"},"primaryImageOfPage":{"@id":"https:\/\/www.alerionavocats.com\/de\/avocat\/pierre-olivier-brouard\/#primaryimage"},"image":{"@id":"https:\/\/www.alerionavocats.com\/de\/avocat\/pierre-olivier-brouard\/#primaryimage"},"thumbnailUrl":"https:\/\/www.alerionavocats.com\/wp-content\/uploads\/2019\/10\/alerion_photo_15.jpg","datePublished":"2019-10-29T12:28:00+00:00","dateModified":"2025-10-14T07:43:46+00:00","breadcrumb":{"@id":"https:\/\/www.alerionavocats.com\/de\/avocat\/pierre-olivier-brouard\/#breadcrumb"},"inLanguage":"de","potentialAction":[{"@type":"ReadAction","target":["https:\/\/www.alerionavocats.com\/de\/avocat\/pierre-olivier-brouard\/"]}]},{"@type":"ImageObject","inLanguage":"de","@id":"https:\/\/www.alerionavocats.com\/de\/avocat\/pierre-olivier-brouard\/#primaryimage","url":"https:\/\/www.alerionavocats.com\/wp-content\/uploads\/2019\/10\/alerion_photo_15.jpg","contentUrl":"https:\/\/www.alerionavocats.com\/wp-content\/uploads\/2019\/10\/alerion_photo_15.jpg","width":450,"height":584},{"@type":"BreadcrumbList","@id":"https:\/\/www.alerionavocats.com\/de\/avocat\/pierre-olivier-brouard\/#breadcrumb","itemListElement":[{"@type":"ListItem","position":1,"name":"Home","item":"https:\/\/www.alerionavocats.com\/de\/"},{"@type":"ListItem","position":2,"name":"Pierre-Olivier Brouard"}]},{"@type":"WebSite","@id":"https:\/\/www.alerionavocats.com\/#website","url":"https:\/\/www.alerionavocats.com\/","name":"Alerion Avocats Paris","description":"Alerion Avocats Paris","potentialAction":[{"@type":"SearchAction","target":{"@type":"EntryPoint","urlTemplate":"https:\/\/www.alerionavocats.com\/?s={search_term_string}"},"query-input":{"@type":"PropertyValueSpecification","valueRequired":true,"valueName":"search_term_string"}}],"inLanguage":"de"}]}},"_links":{"self":[{"href":"https:\/\/www.alerionavocats.com\/de\/wp-json\/wp\/v2\/avocat\/1114","targetHints":{"allow":["GET"]}}],"collection":[{"href":"https:\/\/www.alerionavocats.com\/de\/wp-json\/wp\/v2\/avocat"}],"about":[{"href":"https:\/\/www.alerionavocats.com\/de\/wp-json\/wp\/v2\/types\/avocat"}],"wp:featuredmedia":[{"embeddable":true,"href":"https:\/\/www.alerionavocats.com\/de\/wp-json\/wp\/v2\/media\/1149"}],"wp:attachment":[{"href":"https:\/\/www.alerionavocats.com\/de\/wp-json\/wp\/v2\/media?parent=1114"}],"curies":[{"name":"wp","href":"https:\/\/api.w.org\/{rel}","templated":true}]}}

<p>Pierre-Olivier Brouard ist der Leiter der M&amp;A / Corporate / Private Equity Praxisgruppe von Alerion. Er beschäftigt sich hauptsächlich mit Private Equity, Fusionen und Übernahmen von Unternehmen. In diesen Bereichen berät er Finanz-, Bank- und Industriekonzerne, börsennotiert oder nicht, französisch oder international, ebenso wie Investitionsfonds oder innovative Unternehmen im Rahmen ihrer Mittelbeschaffung und Entwicklungsstrategie in Frankreich und im Ausland.</p>



<p>Er berät ebenfalls französische und internationale Konzerne und begleitet vor allem ihre internen Wachstumsstrategien (Entwicklung neuer Aktivitäten, neuer Business Units, usw.), sowie die externen Wachstumsstrategien (Unternehmenserwerb in Frankreich und im Ausland).</p>



<p>Pierre-Olivier Brouard ist einer der Gründer von Alerion im Jahr 2003.</p>



<p>Er hat ein DEA im Bereich Handels- und Wirtschaftsrecht an der Universität Paris II Panthéon-Assas absolviert und ist seit 1994 bei der Pariser Anwaltskammer zugelassen.</p>



<p>Pierre-Olivier ist Mitglied von France Invest und der International Bar Association.</p>

<!-- This site is optimized with the Yoast SEO plugin v27.3 - https://yoast.com/product/yoast-seo-wordpress/ -->
<title>Pierre-Olivier Brouard - Alerion Avocats Paris</title>
<meta name="robots" content="index, follow, max-snippet:-1, max-image-preview:large, max-video-preview:-1" />
<link rel="canonical" href="https://www.alerionavocats.com/de/avocat/pierre-olivier-brouard/" />
<meta property="og:locale" content="de_DE" />
<meta property="og:type" content="article" />
<meta property="og:title" content="Pierre-Olivier Brouard - Alerion Avocats Paris" />
<meta property="og:description" content="Pierre-Olivier Brouard ist der Leiter der M&amp;A / Corporate / Private Equity Praxisgruppe von Alerion. Er beschäftigt sich hauptsächlich mit Private Equity, Fusionen und Übernahmen von Unternehmen. In diesen Bereichen berät er Finanz-, Bank- und Industriekonzerne, börsennotiert oder nicht, französisch oder international, ebenso wie Investitionsfonds oder innovative Unternehmen im Rahmen ihrer Mittelbeschaffung und Entwicklungsstrategie in [&hellip;]" />
<meta property="og:url" content="https://www.alerionavocats.com/de/avocat/pierre-olivier-brouard/" />
<meta property="og:site_name" content="Alerion Avocats Paris" />
<meta property="article:modified_time" content="2025-10-14T07:43:46+00:00" />
<meta property="og:image" content="https://www.alerionavocats.com/wp-content/uploads/2019/10/alerion_photo_15.jpg" />
	<meta property="og:image:width" content="450" />
	<meta property="og:image:height" content="584" />
	<meta property="og:image:type" content="image/jpeg" />
<meta name="twitter:card" content="summary_large_image" />
<meta name="twitter:label1" content="Geschätzte Lesezeit" />
	<meta name="twitter:data1" content="1 Minute" />
<script type="application/ld+json" class="yoast-schema-graph">{"@context":"https:\/\/schema.org","@graph":[{"@type":"WebPage","@id":"https:\/\/www.alerionavocats.com\/de\/avocat\/pierre-olivier-brouard\/","url":"https:\/\/www.alerionavocats.com\/de\/avocat\/pierre-olivier-brouard\/","name":"Pierre-Olivier Brouard - Alerion Avocats Paris","isPartOf":{"@id":"https:\/\/www.alerionavocats.com\/#website"},"primaryImageOfPage":{"@id":"https:\/\/www.alerionavocats.com\/de\/avocat\/pierre-olivier-brouard\/#primaryimage"},"image":{"@id":"https:\/\/www.alerionavocats.com\/de\/avocat\/pierre-olivier-brouard\/#primaryimage"},"thumbnailUrl":"https:\/\/www.alerionavocats.com\/wp-content\/uploads\/2019\/10\/alerion_photo_15.jpg","datePublished":"2019-10-29T12:28:00+00:00","dateModified":"2025-10-14T07:43:46+00:00","breadcrumb":{"@id":"https:\/\/www.alerionavocats.com\/de\/avocat\/pierre-olivier-brouard\/#breadcrumb"},"inLanguage":"de","potentialAction":[{"@type":"ReadAction","target":["https:\/\/www.alerionavocats.com\/de\/avocat\/pierre-olivier-brouard\/"]}]},{"@type":"ImageObject","inLanguage":"de","@id":"https:\/\/www.alerionavocats.com\/de\/avocat\/pierre-olivier-brouard\/#primaryimage","url":"https:\/\/www.alerionavocats.com\/wp-content\/uploads\/2019\/10\/alerion_photo_15.jpg","contentUrl":"https:\/\/www.alerionavocats.com\/wp-content\/uploads\/2019\/10\/alerion_photo_15.jpg","width":450,"height":584},{"@type":"BreadcrumbList","@id":"https:\/\/www.alerionavocats.com\/de\/avocat\/pierre-olivier-brouard\/#breadcrumb","itemListElement":[{"@type":"ListItem","position":1,"name":"Home","item":"https:\/\/www.alerionavocats.com\/de\/"},{"@type":"ListItem","position":2,"name":"Pierre-Olivier Brouard"}]},{"@type":"WebSite","@id":"https:\/\/www.alerionavocats.com\/#website","url":"https:\/\/www.alerionavocats.com\/","name":"Alerion Avocats Paris","description":"Alerion Avocats Paris","potentialAction":[{"@type":"SearchAction","target":{"@type":"EntryPoint","urlTemplate":"https:\/\/www.alerionavocats.com\/?s={search_term_string}"},"query-input":{"@type":"PropertyValueSpecification","valueRequired":true,"valueName":"search_term_string"}}],"inLanguage":"de"}]}</script>
<!-- / Yoast SEO plugin. -->

Pierre-Olivier Brouard ist der Leiter der M&amp;A / Corporate / Private Equity Praxisgruppe von Alerion. Er beschäftigt sich hauptsächlich mit Private Equity, Fusionen und Übernahmen von Unternehmen. In diesen Bereichen berät er Finanz-, Bank- und Industriekonzerne, börsennotiert oder nicht, französisch oder international, ebenso wie Investitionsfonds oder innovative Unternehmen im Rahmen ihrer Mittelbeschaffung und Entwicklungsstrategie in [&hellip;]
